22849 is divided by 181.
96
What is the remainder when 1242478 is divided by 2505?
2503
What is the remainder when 75637672 is divided by 896?
40
Calculate the remainder when 2630095 is divided by 37.
24
What is the remainder when 4935174 is divided by 173?
3
What is the remainder when 1244605 is divided by 1400?
5
Calculate the remainder when 29447560 is divided by 109.
11
What is the remainder when 691920 is divided by 345953?
14
What is the remainder when 176881 is divided by 44212?
33
Calculate the remainder when 614916 is divided by 16618.
50
What is the remainder when 5207155 is divided by 546?
499
Calculate the remainder when 403693315 is divided by 1146856.
3
Calculate the remainder when 2387025 is divided by 3297.
3294
What is the remainder when 5178004 is divided by 172600?
4
What is the remainder when 231211 is divided by 37?
35
Calculate the remainder when 4277025 is divided by 14.
11
Calculate the remainder when 416815 is divided by 69469.
1
What is the remainder when 1176290 is divided by 31?
26
What is the remainder when 13919596 is divided by 198?
196
What is the remainder when 2260170 is divided by 8?
2
Calculate the remainder when 38517 is divided by 18869.
779
What is the remainder when 349938 is divided by 174685?
568
What is the remainder when 782602 is divided by 41188?
30
Calculate the remainder when 75562949 is divided by 10.
9
Calculate the remainder when 36672 is divided by 36629.
43
Calculate the remainder when 5473415 is divided by 506.
13
What is the remainder when 17872445 is divided by 4535?
10
What is the remainder when 8456768 is divided by 8456743?
25
Calculate the remainder when 2024799 is divided by 173.
7
Calculate the remainder when 76080 is divided by 673.
31
What is the remainder when 7964624 is divided by 761?
759
What is the remainder when 620788 is divided by 15836?
3184
What is the remainder when 59107524 is divided by 673?
626
What is the remainder when 11724789 is divided by 55?
54
What is the remainder when 3769006 is divided by 24474?
10
Calculate the remainder when 601281473 is divided by 565.
563
Calculate the remainder when 99087 is divided by 32833.
588
Calculate the remainder when 483307 is divided by 12718.
23
What is the remainder when 22586878 is divided by 1117?
21
What is the remainder when 141023 is divided by 28161?
218
Calculate the remainder when 40026622 is divided by 11.
9
What is the remainder when 11229830 is divided by 106?
84
Calculate the remainder when 24698325 is divided by 418.
377
Calculate the remainder when 8537493 is divided by 1126.
161
What is the remainder when 33798932 is divided by 675978?
32
What is the remainder when 60845 is divided by 14280?
3725
What is the remainder when 415713 is divided by 2503?
215
Calculate the remainder when 16439518 is divided by 26.
4
Calculate the remainder when 320426784 is divided by 45775254.
6
What is the remainder when 124369 is divided by 2122?
1293
Calculate the remainder when 104089 is divided by 25964.
233
Calculate the remainder when 1114380 is divided by 143.
124
What is the remainder when 27063488 is divided by 226?
214
What is the remainder when 1319864 is divided by 263963?
49
What is the remainder when 6442146 is divided by 1386?
18
Calculate the remainder when 39066452 is divided by 9766610.
12
Calculate the remainder when 4533858 is divided by 138.
6
Calculate the remainder when 29862776 is divided by 9954235.
71
Calculate the remainder when 142377 is divided by 142151.
226
Calculate the remainder when 28903916 is divided by 4265.
11
What is the remainder when 7545910 is divided by 1212?
1210
Calculate the remainder when 11327 is divided by 9369.
1958
Calculate the remainder when 791678 is divided by 197906.
54
What is the remainder when 122788 is divided by 1535?
1523
What is the remainder when 1464442 is divided by 1182?
1126
Calculate the remainder when 4930574 is divided by 511.
446
Calculate the remainder when 440740 is divided by 27323.
3572
Calculate the remainder when 1421881 is divided by 1529.
1440
Calculate the remainder when 15300 is divided by 15196.
104
What is the remainder when 6254247 is divided by 157?
152
Calculate the remainder when 8170640 is divided by 8187.
14
What is the remainder when 12992337 is divided by 54?
45
What is the remainder when 13332105 is divided by 20606?
23
What is the remainder when 260249695 is divided by 139?
134
What is the remainder when 22038412 is divided by 140372?
8
What is the remainder when 344992942 is divided by 48?
46
Calculate the remainder when 249291 is divided by 83058.
117
Calculate the remainder when 381675 is divided by 76306.
145
Calculate the remainder when 8912094 is divided by 120433.
52
Calculate the remainder when 56081881 is divided by 52024.
9
Calculate the remainder when 3330754 is divided by 468.
466
What is the remainder when 100715 is divided by 168?
83
What is the remainder when 4458216 is divided by 576?
552
What is the remainder when 231949 is divided by 36?
1
Calculate the remainder when 22636941 is divided by 372.
369
What is the remainder when 319053235 is divided by 892?
891
Calculate the remainder when 282619 is divided by 10075.
519
Calculate the remainder when 58397 is divided by 3633.
269
What is the remainder when 119681 is divided by 936?
809
What is the remainder when 16744 is divided by 1859?
13
Calculate the remainder when 186594 is divided by 62090.
324
What is the remainder when 2336295 is divided by 101575?
70
Calculate the remainder when 188636 is divided by 1715.
1701
What is the remainder when 618506 is divided by 3108?
14
What is the remainder when 1905071 is divided by 380987?
136
What is the remainder when 13125 is divided by 940?
905
What is the remainder when 176192 is divided by 19534?
386
What is the remainder when 4152553 is divided by 264?
97
Calculate the remainder when 513246 is divided by 611.
6
Calculate the remainder when 16598891 is divided by 659.
658
Calculate the remainder when 96935 is divided by 30946.
4097
What is the remainder when 22575690 is divided by 3352?
3322
Calculate the remainder when 2016123 is divided by 284.
7
What is the remainder when 395865 is divided by 331?
320
What is the remainder when 750013 is divided by 119?
75
Calculate the remainder when 1019607 is divided by 3410.
17
What is the remainder when 118777 is divided by 4806?
3433
What is the remainder when 2955185 is divided by 197012?
5
Calculate the remainder when 2466436 is divided by 6666.
16
What is the remainder when 2427317 is divided by 514?
209
Calculate the remainder when 54893907 is divided by 10.
7
Calculate the remainder when 58626589 is divided by 7958.
3
Calculate the remainder when 719589159 is divided by 1282.
1277
Calculate the remainder when 297137 is divided by 242.
203
What is the remainder when 766413 is divided by 2019?
1212
Calculate the remainder when 6020331 is divided by 14.
9
Calculate the remainder when 73946 is divided by 1886.
392
Calculate the remainder when 55825 is divided by 150.
25
What is the remainder when 1931524 is divided by 92?
76
Calculate the remainder when 966943 is divided by 2948.
2947
What is the remainder when 777869 is divided by 111124?
1
Calculate the remainder when 24910 is divided by 4950.
160
Calculate the remainder when 2237611 is divided by 1677.
493
What is the remainder when 44990 is divided by 14897?
299
What is the remainder when 84401 is divided by 16366?
2571
What is the remainder when 1187266 is divided by 9?
4
What is the remainder when 15789055 is divided by 3477?
3475
What is the remainder when 26556777 is divided by 2661?
2658
Calculate the remainder when 30210 is divided by 916.
898
What is the remainder when 524283 is divided by 17441?
1053
What is the remainder when 270563 is divided by 8724?
119
What is the remainder when 439461 is divided by 62764?
113
Calculate the remainder when 937590 is divided by 1532.
6
Calculate the remainder when 31217 is divided by 4457.
18
Calculate the remainder when 11829 is divided by 2907.
201
Calculate the remainder when 3811669 is divided by 58.
25
Calculate the remainder when 12394716 is divided by 334991.
49
What is the remainder when 756615 is divided by 1940?
15
What is the remainder when 186524602 is divided by 932623